, 863
What are the prime factors of 7276?
2, 17, 107
List the prime factors of 3516.
2, 3, 293
List the prime factors of 1807.
13, 139
What are the prime factors of 2715?
3, 5, 181
What are the prime factors of 883?
883
List the prime factors of 181.
181
List the prime factors of 42016.
2, 13, 101
What are the prime factors of 35554?
2, 29, 613
What are the prime factors of 2043?
3, 227
List the prime factors of 5197.
5197
List the prime factors of 1541.
23, 67
What are the prime factors of 6444?
2, 3, 179
List the prime factors of 90169.
37, 2437
What are the prime factors of 52382?
2, 11, 2381
List the prime factors of 2280.
2, 3, 5, 19
List the prime factors of 48694.
2, 97, 251
What are the prime factors of 1168?
2, 73
What are the prime factors of 65380?
2, 5, 7, 467
What are the prime factors of 1101?
3, 367
List the prime factors of 25048.
2, 31, 101
What are the prime factors of 8168?
2, 1021
List the prime factors of 25227.
3, 2803
List the prime factors of 17305.
5, 3461
What are the prime factors of 1873?
1873
List the prime factors of 27038.
2, 11, 1229
What are the prime factors of 27014?
2, 13, 1039
List the prime factors of 63237.
3, 107, 197
List the prime factors of 2528.
2, 79
List the prime factors of 14657.
14657
What are the prime factors of 11423?
11423
List the prime factors of 3700.
2, 5, 37
What are the prime factors of 44934?
2, 3, 7489
What are the prime factors of 2081?
2081
What are the prime factors of 2576?
2, 7, 23
List the prime factors of 1862.
2, 7, 19
List the prime factors of 747.
3, 83
What are the prime factors of 17945?
5, 37, 97
What are the prime factors of 147419?
147419
What are the prime factors of 128?
2
List the prime factors of 53780.
2, 5, 2689
List the prime factors of 73330.
2, 5, 7333
List the prime factors of 1503.
3, 167
What are the prime factors of 2431?
11, 13, 17
List the prime factors of 43185.
3, 5, 2879
What are the prime factors of 5596?
2, 1399
List the prime factors of 2182.
2, 1091
What are the prime factors of 3693?
3, 1231
List the prime factors of 10835.
5, 11, 197
What are the prime factors of 4652?
2, 1163
What are the prime factors of 2947?
7, 421
What are the prime factors of 31600?
2, 5, 79
List the prime factors of 220.
2, 5, 11
What are the prime factors of 152078?
2, 76039
List the prime factors of 634.
2, 317
What are the prime factors of 3422?
2, 29, 59
List the prime factors of 4881.
3, 1627
List the prime factors of 1082.
2, 541
List the prime factors of 48341.
48341
List the prime factors of 7211.
7211
What are the prime factors of 7848?
2, 3, 109
List the prime factors of 19422.
2, 3, 13, 83
List the prime factors of 1190.
2, 5, 7, 17
What are the prime factors of 4739?
7, 677
List the prime factors of 4971.
3, 1657
List the prime factors of 28665.
3, 5, 7, 13
List the prime factors of 1577.
19, 83
List the prime factors of 2394.
2, 3, 7, 19
List the prime factors of 7771.
19, 409
What are the prime factors of 2318?
2, 19, 61
List the prime factors of 17536.
2, 137
What are the prime factors of 23515?
5, 4703
List the prime factors of 2831.
19, 149
What are the prime factors of 152555?
5, 13, 2347
What are the prime factors of 13803?
3, 43, 107
List the prime factors of 10297.
7, 1471
List the prime factors of 24998.
2, 29, 431
What are the prime factors of 688?
2, 43
What are the prime factors of 9304?
2, 1163
What are the prime factors of 10902?
2, 3, 23, 79
What are the prime factors of 32198?
2, 17, 947
What are the prime factors of 27586?
2, 13, 1061
What are the prime factors of 72682?
2, 36341
What are the prime factors of 16304?
2, 1019
List the prime factors of 3906.
2, 3, 7, 31
What are the prime factors of 24200?
2, 5, 11
What are the prime factors of 1907?
1907
List the prime factors of 19665.
3, 5, 19, 23
What are the prime factors of 23037?
3, 7, 1097
What are the prime factors of 3789?
3, 421
List the prime factors of 716.
2, 179
What are the prime factors of 60010?
2, 5, 17, 353
What are the prime factors of 853?
853
What are the prime factors of 164469?
3, 73, 751
What are the prime factors of 21638?
2, 31, 349
List the prime factors of 1537.
29, 53
What are the prime factors of 81224?
2, 11, 13, 71
What are the prime factors of 1562?
2, 11, 71
What are the prime factors of 4914?
2, 3, 7, 13
List the prime factors of 141.
3, 47
What are the prime factors of 6262?
2, 31, 101
What are the prime factors of 67952?
2, 31, 137
What are the prime factors of 14561?
14561
List the prime factors of 1255.
5, 251
List the prime factors of 5241.
3, 1747
What are the prime factors of 37496?
2, 43, 109
What are the prime factors of 1009?
1009
What are the prime factors of 2980?
2, 5, 149
What are the prime factors of 2407?
29, 83
What are the prime factors of 353?
353
List the prime factors of 3228.
2, 3, 269
List the prime factors of 4558.
2, 43, 53
List the prime factors of 484.
2, 11
List the prime factors of 7276.
2, 17, 107
What are the prime factors of 26574?
2, 3, 43, 103
List the prime factors of 149619.
3, 53, 941
List the prime factors of 1377.
3, 17
List the prime factors of 840.
2, 3, 5, 7
What are the prime factors of 202?
2, 101
What are the prime factors of 1452?
2, 3, 11
What are the prime factors of 70992?
2, 3, 17, 29
List the prime factors of 9528.
2, 3, 397
What are the prime factors of 54059?
54059
What are the prime factors of 15060?
2, 3, 5, 251
List the prime factors of 1382.
2, 691
What are the prime factors of 3972?
2, 3, 331
List the prime factors of 37047.
3, 53, 233
List the prime factors of 661.
661
List the prime factors of 3285.
3, 5, 73
List the prime factors of 4613.
7, 659
List the prime factors of 1778.
2, 7, 127
List the prime factors of 1107.
3, 41
List the prime factors of 1438.
2, 719
List the prime factors of 5017.
29, 173
What are the prime factors of 1318?
2, 659
What are the prime factors of 4980?
2, 3, 5, 83
List the prime factors of 165.
3, 5, 11
What are the prime factors of 4808?
2, 601
What are the prime factors of 1261?
13, 97
What are the prime factors of 130996?
2, 32749
List the prime factors of 3213.
3, 7, 17
What are the prime factors of 649?
11, 59
List the prime factors of 21879.
3, 11, 13, 17
List the prime factors of 14564.
2, 11, 331
What are the prime factors of 5834?
2, 2917
What are the prime factors of 1070?
2, 5, 107
What are the prime factors of 1048?
2, 131
List the prime factors of 597.
3, 199
What are the prime factors of 14941?
67, 223
List the prime factors of 26608.
2, 1663
What are the prime factors of 123905?
5, 24781
List the prime factors of 2010.
2, 3, 5, 67
List the prime factors of 11245.
5, 13, 173
What are the prime factors of 16468?
2, 23, 179
List the prime factors of 1541.
23, 67
What are the prime factors of 4998?
2, 3, 7, 17
What are the prime factors of 63213?
3, 19, 1109
List the prime factors of 180578.
2, 90289
List the prime factors of 354.
2, 3, 59
What are the prime factors of 113?
113
What are the prime factors of 35647?
43, 829
What are the prime factors of 12088?
2, 1511
List the prime factors of 14928.
2, 3, 311
What are the prime factors of 119350?
2, 5, 7, 11, 31
What are the prime factors of 70133?
7, 43, 233
What are the prime factors of 24330?
2, 3, 5, 811
List the prime factors of 650.
2, 5, 13
List the prime factors of 2969.
2969
What are the prime factors of 12275?
5, 491
List the prime factors of 1892.
2, 11, 43
List the prime factors of 1073.
29, 37
List the prime factors of 34060.
2, 5, 13, 131
List the prime factors of 82826.
2, 41413
What are the prime factors of 1491?
3, 7, 71
What are the prime factors of 3375?
3, 5
What are the prime factors of 10497?
3, 3499
List the prime factors of 423.
3, 47
What are the prime factors of 576?
2, 3
List the prime factors of 12106.
2, 6053
List the prime factors of 19802.
2, 9901
List the prime factors of 44383.
44383
List the prime factors of 22815.
3, 5, 13
List the prime factors of 45171.
3, 7, 239
List the prime factors of 4122.
2, 3, 229
What are the prime factors of 12820?
2, 5, 641
What are the prime factors of 53360?
2, 5, 23, 29
List the prime factors of 136.
2, 17
What are the prime factors of 1114?
2, 557
List the prime factors of 13548.
2, 3, 1129
List the prime factors of 510.
2, 3, 5, 17
List the